= -k*o. Calculate the highest common factor of 27 and o.
27
Let p = 4 + -2. Let z(n) = -5*n + n**p + 10*n + 0*n**2. Let u be z(-6). What is the greatest common divisor of u and 4?
2
Let d(l) = 8*l - 20. Let a be d(8). What is the highest common divisor of 4 and a?
4
Let s = -286 + 506. Let t(d) = -3*d + d**2 + 2 + 18 + 2*d. Let w be t(0). What is the greatest common factor of w and s?
20
Let s be (4*-1)/((-12)/(-18)). Let j be ((-2)/(-3))/(s/(-81)). Calculate the highest common factor of j and 63.
9
Suppose 2*t + 0*p - 36 = 4*p, 27 = 2*t - p. What is the highest common divisor of 84 and t?
12
Suppose -4*x - j = -21, x - 3*x = -3*j - 21. Calculate the highest common divisor of x and 9.
3
Let d(u) = -2*u - 2*u - 3*u - 3 - 7. Let g be d(-7). Calculate the greatest common factor of g and 26.
13
Let f(a) = a**3 + a**2 + a + 27. Let v be f(0). Let q be 3 + (8/4 - -130). What is the greatest common divisor of q and v?
27
Let a(t) = -2*t**2 + 9*t + 6. Let m be a(8). Let q = m - -90. Calculate the highest common factor of 5 and q.
5
Let a(u) = 8 - 3*u**3 + 10*u - 6*u**2 + 2*u**3 - 3*u. Let x be a(-7). Calculate the highest common factor of x and 40.
8
Let r be 3*-1*(-2)/3. Let s(x) = x + 2*x**r - 2*x - 6 + 2. Let t be s(3). Calculate the highest common factor of 99 and t.
11
Let r(b) = -b**3 + 6*b**2 - 4*b - 1. Suppose -5*y = -5*v, -27 = -y - 5*v - 3. Let c be r(y). What is the greatest common divisor of c and 5?
5
Let o(n) = 9*n**2 + 3*n. Let p be o(2). Calculate the greatest common factor of p and 56.
14
Let r = 1 - -14. What is the highest common factor of 15 and r?
15
Let l(q) = -q**3 + 5*q**2 + q - 3. Let f be l(5). Suppose -j + 6 = -f*j. Let u be (2 - 0)*(-195)/j. Calculate the highest common divisor of 26 and u.
13
Suppose 10*h - 13*h + 27 = 0. Suppose -5*n + 4*v + 279 + 226 = 0, 3*n - 5*v - 290 = 0. Let s = n - 69. What is the greatest common divisor of s and h?
9
Let g be (16/(-6))/(38/(-741)). Calculate the highest common divisor of 13 and g.
13
Suppose 3*c + 4*o - 2 = 0, 0 = 4*c + 5*o - 4. What is the highest common factor of 6 and c?
6
Let r(w) = w**2 + 2*w + 9. Let t be r(-6). Calculate the highest common divisor of t and 3.
3
Let a(p) = p**3 - 5*p**2 + 3*p - 1. Let m be a(5). Let z = -179 - -305. Calculate the greatest common factor of z and m.
14
Let k(b) be the third derivative of -b**4/12 - 7*b**3/6 - b**2. Let v be k(-7). What is the highest common divisor of v and 49?
7
Let i = 24 + -16. Suppose -3*f - 42 = -138. Calculate the greatest common factor of f and i.
8
Suppose 0 = -v - 3*v + 88. Calculate the highest common factor of v and 2.
2
Let r(x) = 4*x**2 - 4*x. Let j(y) = y**2 - 4*y - 2. Let o be j(5). Let h be r(o). Calculate the highest common factor of 60 and h.
12
Suppose 0 = 7*b - 23 - 5. What is the greatest common factor of b and 12?
4
Let g = 276 - 263. Suppose -4*u + 127 = d, -2*u - u - 441 = -3*d. Calculate the highest common divisor of g and d.
13
Let j be (-3)/(-6)*0 - 0. Suppose -x - x + 52 = j. Let y be 2/(-8) + x/8. What is the greatest common factor of y and 3?
3
Suppose -4*u - p + 128 = 0, 2*u - 64 = p + 3*p. Calculate the highest common divisor of 224 and u.
32
Let c = 9 - 18. Suppose 3*d - 8*d = 0. Let g = d - c. What is the highest common divisor of 27 and g?
9
Suppose 0 = -2*b - 2*w + 5*w + 26, 9 = 3*b + 3*w. Suppose 17 = 2*u - b. What is the greatest common divisor of u and 96?
12
Let r be (-2)/8 - 872/(-32). What is the highest common divisor of 3 and r?
3
Let z = 190 + -76. What is the greatest common divisor of 38 and z?
38
Let h = 4 - 12. Let a be h/(-36) - (-124)/9. What is the highest common factor of a and 7?
7
Suppose -5*r + 72 = 4*w + 19, 5*w + 26 = 4*r. Calculate the highest common divisor of 18 and r.
9
Suppose 5*f + 3 = 13. Suppose 0 = 5*b - 10, 0 = 3*l - 3*b - f*b + 1. Calculate the greatest common factor of l and 18.
3
Suppose -5*h = -243 - 197. Calculate the greatest common factor of h and 44.
44
Suppose 5*u = -5*z + 156 - 46, -96 = -3*z + 3*u. Let n be ((-6)/(-8))/((-1)/(-4)). What is the greatest common divisor of n and z?
3
Suppose f - 6*f = -10. Let n be f - (1 + 1) - -13. Suppose -w + n = -15. Calculate the highest common divisor of 14 and w.
14
Suppose 0*c + c + 1 = 0. Let h = c + 1. Suppose h*t + 2*t - 12 = 0. What is the greatest common divisor of t and 30?
6
Suppose -4*j + 0 = -4*t + 28, -4*t = 5*j - 55. What is the greatest common divisor of t and 110?
10
Suppose d + 15 = 4*d. Suppose 24 - 123 = -3*y. Suppose 4*f - b = -f + 243, f + d*b - y = 0. Calculate the greatest common factor of 12 and f.
12
Suppose 172 + 92 = 3*p. What is the greatest common divisor of p and 220?
44
Suppose 4*o - 141 + 29 = 0. Let m = 63 - 35. Suppose 0 = -0*u - 2*u + m. What is the greatest common factor of o and u?
14
Suppose -10 = -2*j + 2. Suppose -4*q + 2*q - 5*m = 9, 0 = q + 3*m + 6. Let v be 14/4 + q/(-6). Calculate the highest common divisor of v and j.
3
Suppose h - 2*h = -1. Let y be 16/7 - (-2)/(-7). Calculate the greatest common divisor of h and y.
1
Suppose 2*b - 4*b + 2 = 0. Suppose -4*f - 2 = -14. Calculate the greatest common factor of b and f.
1
Suppose w - 7*o = -4*o + 8, -5*w - 3*o = -4. Let q = w - 2. Suppose 3*j - 3*a + q*a = 0, -35 = -2*j - 5*a. Calculate the highest common divisor of 5 and j.
5
Suppose t - 71 + 20 = 0. Let y = t - 30. What is the greatest common divisor of 7 and y?
7
Let c = 4 + -6. Let h be (-56 - 1)*(c - -1). Suppose 190 = 2*w - 5*m, 0 = w + m - h - 31. What is the greatest common divisor of w and 10?
10
Let w be 4/16 + (-102)/(-8). Calculate the highest common divisor of 143 and w.
13
Suppose 0 = 4*r + 2*o - 668, 3*r - 5*o = 8*r - 845. Suppose 5*s + 5*p = 90, -p + 26 = 5*s - 52. Calculate the greatest common divisor of r and s.
15
Let l(d) be the second derivative of 2*d**3/3 - 5*d**2 + 4*d. Let v be l(5). Calculate the highest common divisor of 50 and v.
10
Let d = 3 - -5. Let p = d + 4. What is the highest common factor of p and 3?
3
Let p = 52 - 32. Let j(k) = -6*k - 1. Suppose 0 = -4*n - 5*y - 19, 0*n - 13 = n + 4*y. Let i be j(n). Calculate the highest common divisor of i and p.
5
Suppose 5*t + 59 - 19 = 0. Let u = -7 - t. What is the greatest common factor of 11 and u?
1
Let i(k) = k**2 - 3*k - 1. Let g be i(5). Suppose -f - 135 = -835. Suppose g*v = 4*v + f. What is the highest common divisor of 20 and v?
20
Let m(u) = 2*u - 10. Let d be m(9). Let l = d - 4. What is the highest common factor of 10 and l?
2
Let h(i) = -i + 4. Let w be h(3). Suppose 0 = -4*c - 5*q - 0 - 5, 5*c + 5*q = 0. Calculate the greatest common divisor of w and c.
1
Let d be 0/(1*(-3 - -5)). Suppose 2*b + 3*j = 51, d = -2*b - 2*j + 58 - 4. Calculate the greatest common factor of 3 and b.
3
Suppose k + 2 = 3*m + 27, -k - 5*m + 9 = 0. Calculate the greatest common divisor of k and 19.
19
Suppose -3*u + 3*r + 1098 = 0, 0*u - 3*r = 3*u - 1068. Let g = -228 + u. Calculate the highest common divisor of g and 19.
19
Suppose -3*m + 4*a + 4 + 15 = 0, -4*m + 4*a + 20 = 0. Let i = m - 1. Suppose i = -5*z - x + 100, 0*x - 2*x = 0. What is the highest common divisor of z and 30?
10
Suppose 272 = 2*l + 4*m, 5*m - 145 = -0*l - l. Suppose -5 = 5*r - l. Suppose -4*w + r = 4*y - 3, 2*w = -4*y + 30. What is the highest common divisor of y and 4?
4
Let y be ((2 - -5) + -3)/(-1). Let k(q) = -2*q**3 - 7*q**2 - 3*q + 4. Let j be k(y). Let i = -3 + 19. Calculate the greatest common divisor of i and j.
16
Let o be 22/(-1)*(0 + 1). Let r = -17 + 7. Let s be r/25 - o/5. What is the greatest common factor of 24 and s?
4
Suppose -3*z - 40 = -5*z + 4*s, -2*z + 2*s = -38. Calculate the highest common factor of z and 90.
18
Let f = 130 + -76. Calculate the highest common divisor of f and 135.
27
Suppose 2*r + 0*r - 410 = 0. What is the greatest common divisor of r and 82?
41
Let w = 91 + -59. Suppose -m = 4*m - 40. Suppose -r + 12 = 4*b, m*b + 36 = 5*r + 4*b. What is the greatest common divisor of w and r?
8
Let n be 5 - 2 - 2*-2. What is the greatest common factor of n and 35?
7
Suppose i - h - 43 = h, -3*i = h - 150. What is the highest common divisor of i and 7?
7
Let r(m) = -m**2 - 5*m + 2. Let b(d) = -2*d**2 + d**2 - d**2 + 2*d. Let y be b(2). Let z be r(y). What is the highest common factor of z and 24?
6
Let v b